{"id":106,"date":"2017-06-19T17:00:20","date_gmt":"2017-06-19T15:00:20","guid":{"rendered":"http:\/\/www.versionbeta26.com\/?page_id=106"},"modified":"2017-08-25T10:38:50","modified_gmt":"2017-08-25T08:38:50","slug":"immobilier","status":"publish","type":"page","link":"https:\/\/interieur3d.com\/index.php\/pour-qui\/immobilier\/","title":{"rendered":"Immobilier"},"content":{"rendered":"<div id=\"pl-106\"  class=\"panel-layout\" ><div id=\"pg-106-0\"  class=\"panel-grid panel-has-style\" ><div class=\"bg-header siteorigin-panels-stretch panel-row-style panel-row-style-for-106-0\" style=\"background-image: url(https:\/\/interieur3d.com\/wp-content\/uploads\/2017\/06\/Fotolia_57713330_XL.jpg);padding: 3% 0; \" data-stretch-type=\"full\" data-hasbg=\"hasbg\" data-overlay=\"true\" data-overlay-color=\"#9e7858\" ><div id=\"pgc-106-0-0\"  class=\"panel-grid-cell\" ><div id=\"panel-106-0-0-0\" class=\"so-panel widget widget_sow-editor panel-first-child panel-last-child\" data-index=\"0\" ><div style=\"text-align: left;\" data-title-color=\"#443f3f\" data-headings-color=\"#ffffff\" class=\"panel-widget-style panel-widget-style-for-106-0-0-0\" ><div\n\t\t\t\n\t\t\tclass=\"so-widget-sow-editor so-widget-sow-editor-base\"\n\t\t\t\n\t\t>\n<div class=\"siteorigin-widget-tinymce textwidget\">\n\t<h1><img loading=\"lazy\" decoding=\"async\" class=\"alignnone wp-image-397\" src=\"https:\/\/interieur3d.com\/wp-content\/uploads\/2017\/08\/ico-house.png\" alt=\"\" width=\"60\" height=\"55\" style=\"padding-right:10px;vertical-align:bottom\" \/>Professionnels de l\u2019immobilier<\/h1>\n<h2>Donnez vie \u00e0 vos annonces avec une visite virtuelle int\u00e9rieur 3D la plus immersive et r\u00e9aliste pour votre client\u00e8le.<\/h2>\n<\/div>\n<\/div><\/div><\/div><\/div><\/div><\/div><div id=\"pg-106-1\"  class=\"panel-grid panel-has-style\" ><div style=\"padding: 20px 0; \" data-overlay=\"true\" data-overlay-color=\"#000000\" class=\"panel-row-style panel-row-style-for-106-1\" ><div id=\"pgc-106-1-0\"  class=\"panel-grid-cell\" ><div id=\"panel-106-1-0-0\" class=\"so-panel widget widget_sow-editor panel-first-child panel-last-child\" data-index=\"1\" ><div style=\"text-align: left;\" data-title-color=\"#443f3f\" data-headings-color=\"#443f3f\" class=\"panel-widget-style panel-widget-style-for-106-1-0-0\" ><div\n\t\t\t\n\t\t\tclass=\"so-widget-sow-editor so-widget-sow-editor-base\"\n\t\t\t\n\t\t>\n<div class=\"siteorigin-widget-tinymce textwidget\">\n\t<h3 style=\"text-align: center;\"><strong><span style=\"color: #9e7858;\">AVANTAGES<\/span><\/strong><\/h3>\n<\/div>\n<\/div><\/div><\/div><\/div><\/div><\/div><div id=\"pg-106-2\"  class=\"panel-grid panel-has-style\" ><div class=\"siteorigin-panels-stretch panel-row-style panel-row-style-for-106-2\" style=\"text-align: center;padding: 40px 0; \" data-stretch-type=\"full\" data-overlay-color=\"#000000\" ><div id=\"pgc-106-2-0\"  class=\"panel-grid-cell\" ><div id=\"panel-106-2-0-0\" class=\"so-panel widget widget_sow-editor panel-first-child panel-last-child\" data-index=\"2\" ><div style=\"text-align: center;\" data-title-color=\"#443f3f\" data-headings-color=\"#443f3f\" class=\"panel-widget-style panel-widget-style-for-106-2-0-0\" ><div\n\t\t\t\n\t\t\tclass=\"so-widget-sow-editor so-widget-sow-editor-base\"\n\t\t\t\n\t\t>\n<div class=\"siteorigin-widget-tinymce textwidget\">\n\t<p><img loading=\"lazy\" decoding=\"async\" class=\"alignnone size-full wp-image-146 aligncenter\" src=\"https:\/\/interieur3d.com\/wp-content\/uploads\/2017\/06\/medal.png\" alt=\"\" width=\"128\" height=\"128\" \/><\/p>\n<p>&nbsp;<\/p>\n<p style=\"text-align: center;\">j\u2019apporte un service innovant de qualit\u00e9<br \/>\nje me d\u00e9marque de la concurrence<br \/>\nje r\u00e9alise des visites cibl\u00e9es<br \/>\nj\u2019obtiens plus de partages sur les r\u00e9seaux sociaux<br \/>\nje fid\u00e9lise la client\u00e8le<\/p>\n<\/div>\n<\/div><\/div><\/div><\/div><div id=\"pgc-106-2-1\"  class=\"panel-grid-cell\" ><div id=\"panel-106-2-1-0\" class=\"so-panel widget widget_sow-editor panel-first-child panel-last-child\" data-index=\"3\" ><div style=\"text-align: center;\" data-title-color=\"#443f3f\" data-headings-color=\"#443f3f\" class=\"panel-widget-style panel-widget-style-for-106-2-1-0\" ><div\n\t\t\t\n\t\t\tclass=\"so-widget-sow-editor so-widget-sow-editor-base\"\n\t\t\t\n\t\t>\n<div class=\"siteorigin-widget-tinymce textwidget\">\n\t<p><img loading=\"lazy\" decoding=\"async\" class=\"wp-image-145 size-full aligncenter\" src=\"https:\/\/interieur3d.com\/wp-content\/uploads\/2017\/06\/cup.png\" alt=\"\" width=\"128\" height=\"128\" \/><\/p>\n<p>\u00a0<\/p>\n<p style=\"text-align: center;\">je gagne du temps<br \/> je gagne en notori\u00e9t\u00e9<br \/> je gagne des mandats exclusifs<br \/> je gagne en satisfaction clients<br \/> je gagne des parts de march\u00e9<\/p>\n<\/div>\n<\/div><\/div><\/div><\/div><div id=\"pgc-106-2-2\"  class=\"panel-grid-cell\" ><div id=\"panel-106-2-2-0\" class=\"so-panel widget widget_sow-editor panel-first-child panel-last-child\" data-index=\"4\" ><div style=\"text-align: center;\" data-title-color=\"#443f3f\" data-headings-color=\"#443f3f\" class=\"panel-widget-style panel-widget-style-for-106-2-2-0\" ><div\n\t\t\t\n\t\t\tclass=\"so-widget-sow-editor so-widget-sow-editor-base\"\n\t\t\t\n\t\t>\n<div class=\"siteorigin-widget-tinymce textwidget\">\n\t<p><img loading=\"lazy\" decoding=\"async\" class=\"wp-image-147 size-full aligncenter\" src=\"https:\/\/interieur3d.com\/wp-content\/uploads\/2017\/06\/profits.png\" alt=\"\" width=\"128\" height=\"128\" \/><\/p>\n<p>\u00a0<\/p>\n<p style=\"text-align: center;\">je dynamise mes transactions<br \/> je d\u00e9veloppe mon service commercial<br \/> je r\u00e9alise plus de chiffre d\u2019affaires<br \/> j\u2019augmente ma tr\u00e9sorerie<br \/> je p\u00e9rennise mon entreprise<\/p>\n<\/div>\n<\/div><\/div><\/div><\/div><\/div><\/div><\/div>","protected":false},"excerpt":{"rendered":"<p>Professionnels de l\u2019immobilier Donnez vie \u00e0 vos annonces avec une visite virtuelle int\u00e9rieur 3D la plus immersive et r\u00e9aliste pour votre client\u00e8le. AVANTAGES<\/p>\n","protected":false},"author":1,"featured_media":0,"parent":25,"menu_order":0,"comment_status":"closed","ping_status":"closed","template":"page-templates\/page_front-page.php","meta":{"_exactmetrics_skip_tracking":false,"_exactmetrics_sitenote_active":false,"_exactmetrics_sitenote_note":"","_exactmetrics_sitenote_category":0,"footnotes":""},"_links":{"self":[{"href":"https:\/\/interieur3d.com\/index.php\/wp-json\/wp\/v2\/pages\/106"}],"collection":[{"href":"https:\/\/interieur3d.com\/index.php\/wp-json\/wp\/v2\/pages"}],"about":[{"href":"https:\/\/interieur3d.com\/index.php\/wp-json\/wp\/v2\/types\/page"}],"author":[{"embeddable":true,"href":"https:\/\/interieur3d.com\/index.php\/wp-json\/wp\/v2\/users\/1"}],"replies":[{"embeddable":true,"href":"https:\/\/interieur3d.com\/index.php\/wp-json\/wp\/v2\/comments?post=106"}],"version-history":[{"count":24,"href":"https:\/\/interieur3d.com\/index.php\/wp-json\/wp\/v2\/pages\/106\/revisions"}],"predecessor-version":[{"id":400,"href":"https:\/\/interieur3d.com\/index.php\/wp-json\/wp\/v2\/pages\/106\/revisions\/400"}],"up":[{"embeddable":true,"href":"https:\/\/interieur3d.com\/index.php\/wp-json\/wp\/v2\/pages\/25"}],"wp:attachment":[{"href":"https:\/\/interieur3d.com\/index.php\/wp-json\/wp\/v2\/media?parent=106"}],"curies":[{"name":"wp","href":"https:\/\/api.w.org\/{rel}","templated":true}]}}