{"id":581,"date":"2018-02-15T10:20:16","date_gmt":"2018-02-15T09:20:16","guid":{"rendered":"http:\/\/www.versionbeta26.com\/?page_id=581"},"modified":"2018-02-15T10:23:32","modified_gmt":"2018-02-15T09:23:32","slug":"mentions-legales","status":"publish","type":"page","link":"https:\/\/interieur3d.com\/index.php\/mentions-legales\/","title":{"rendered":"Mentions l\u00e9gales"},"content":{"rendered":"<div id=\"pl-581\"  class=\"panel-layout\" ><div id=\"pg-581-0\"  class=\"panel-grid panel-has-style\" ><div class=\"siteorigin-panels-stretch panel-row-style panel-row-style-for-581-0\" style=\"padding: 100px 0; \" data-stretch-type=\"full\" data-overlay=\"true\" data-overlay-color=\"#000000\" ><div id=\"pgc-581-0-0\"  class=\"panel-grid-cell\" ><div id=\"panel-581-0-0-0\" class=\"so-panel widget widget_sow-editor panel-first-child panel-last-child\" data-index=\"0\" ><div style=\"text-align: left;\" data-title-color=\"#443f3f\" data-headings-color=\"#443f3f\" class=\"panel-widget-style panel-widget-style-for-581-0-0-0\" ><div\n\t\t\t\n\t\t\tclass=\"so-widget-sow-editor so-widget-sow-editor-base\"\n\t\t\t\n\t\t>\n<div class=\"siteorigin-widget-tinymce textwidget\">\n\t<p style=\"font-size: 38px; font-weight: bold; color: #9d7858 !important;\">Mentions l\u00e9gales<\/p>\n<p>Ce site ci apr\u00e8s d\u00e9sign\u00e9 par \"le Site\" - est \u00e9dit\u00e9 par la soci\u00e9t\u00e9 - ci apr\u00e8s d\u00e9nomm\u00e9e l'Editeur - :<\/p>\n<table>\n<tbody>\n<tr>\n<td style=\"text-align: left;\">Raison sociale<\/td>\n<td style=\"text-align: left;\">BOTTIN IMMOBILIER<\/td>\n<\/tr>\n<tr>\n<td style=\"text-align: left;\">Forme sociale<\/td>\n<td style=\"text-align: left;\">SARL<\/td>\n<\/tr>\n<tr>\n<td style=\"text-align: left;\">Capital<\/td>\n<td style=\"text-align: left;\">10 000 \u20ac<\/td>\n<\/tr>\n<tr>\n<td style=\"text-align: left;\">Si\u00e8ge social<\/td>\n<td style=\"text-align: left;\">02 rue de Beauvais 80000 AMIENS<\/td>\n<\/tr>\n<tr>\n<td style=\"text-align: left;\">SIRET<\/td>\n<td style=\"text-align: left;\">440 532 695 00010<\/td>\n<\/tr>\n<tr>\n<td style=\"text-align: left;\">T\u00e9l\u00e9phone<\/td>\n<td style=\"text-align: left;\">03 22 22 20 45<\/td>\n<\/tr>\n<tr>\n<td style=\"text-align: left;\">Directeur de publication<\/td>\n<td style=\"text-align: left;\">Didier BOTTIN<\/td>\n<\/tr>\n<tr>\n<td style=\"text-align: left;\">Num\u00e9ro de carte pro<\/td>\n<td style=\"text-align: left;\">257<\/td>\n<\/tr>\n<tr>\n<td style=\"text-align: left;\">Info caisse de garantie<\/td>\n<td style=\"text-align: left;\">GALIAN<br \/>\n89, rue La Bo\u00e9tie - 75008 PARIS<br \/>\n200 000 \u20ac de garantie financi\u00e8re<\/td>\n<\/tr>\n<tr>\n<td style=\"text-align: left;\">Num\u00e9ro de TVA<br \/>\nintracommunautaire<\/td>\n<td style=\"text-align: left;\">FR63440532695<\/td>\n<\/tr>\n<tr>\n<td style=\"text-align: left;\">Carte pro d\u00e9livr\u00e9e par :<\/td>\n<td style=\"text-align: left;\">La pr\u00e9fecture de la Somme<\/td>\n<\/tr>\n<tr>\n<td style=\"text-align: left;\">Carte pro d\u00e9livr\u00e9e le :<\/td>\n<td style=\"text-align: left;\">12-12-2012<\/td>\n<\/tr>\n<tr class=\"\">\n<td style=\"text-align: left;\">M\u00e9diateur :<\/td>\n<td style=\"text-align: left;\">*<\/td>\n<\/tr>\n<tr>\n<td colspan=\"2\" style=\"text-align: left;\">\"(*) Ces informations ne sont pas disponibles pour l'instant, cependant pour en prendre connaissance merci de <a href=\"\/index.php\/contact\/\">nous contacter<\/a>\"<\/td>\n<\/tr>\n<\/tbody>\n<\/table>\n<\/div>\n<\/div><\/div><\/div><\/div><\/div><\/div><\/div>","protected":false},"excerpt":{"rendered":"<p>Mentions l\u00e9gales Ce site ci apr\u00e8s d\u00e9sign\u00e9 par \u00ab\u00a0le Site\u00a0\u00bb &#8211; est \u00e9dit\u00e9 par la soci\u00e9t\u00e9 &#8211; ci apr\u00e8s d\u00e9nomm\u00e9e l&rsquo;Editeur &#8211; : Raison sociale BOTTIN IMMOBILIER Forme sociale SARL Capital 10 000 \u20ac Si\u00e8ge social 02 rue de Beauvais 80000 AMIENS SIRET 440 532 695 00010 T\u00e9l\u00e9phone 03 22 22 20 45 Directeur de [&hellip;]<\/p>\n","protected":false},"author":1,"featured_media":0,"parent":0,"menu_order":0,"comment_status":"closed","ping_status":"closed","template":"","meta":{"_exactmetrics_skip_tracking":false,"_exactmetrics_sitenote_active":false,"_exactmetrics_sitenote_note":"","_exactmetrics_sitenote_category":0,"footnotes":""},"_links":{"self":[{"href":"https:\/\/interieur3d.com\/index.php\/wp-json\/wp\/v2\/pages\/581"}],"collection":[{"href":"https:\/\/interieur3d.com\/index.php\/wp-json\/wp\/v2\/pages"}],"about":[{"href":"https:\/\/interieur3d.com\/index.php\/wp-json\/wp\/v2\/types\/page"}],"author":[{"embeddable":true,"href":"https:\/\/interieur3d.com\/index.php\/wp-json\/wp\/v2\/users\/1"}],"replies":[{"embeddable":true,"href":"https:\/\/interieur3d.com\/index.php\/wp-json\/wp\/v2\/comments?post=581"}],"version-history":[{"count":11,"href":"https:\/\/interieur3d.com\/index.php\/wp-json\/wp\/v2\/pages\/581\/revisions"}],"predecessor-version":[{"id":593,"href":"https:\/\/interieur3d.com\/index.php\/wp-json\/wp\/v2\/pages\/581\/revisions\/593"}],"wp:attachment":[{"href":"https:\/\/interieur3d.com\/index.php\/wp-json\/wp\/v2\/media?parent=581"}],"curies":[{"name":"wp","href":"https:\/\/api.w.org\/{rel}","templated":true}]}}